) to base 4
3031212
What is -569b (base 15) in base 10?
-18371
601 (base 14) to base 13
6c7
-a7ae (base 15) to base 8
-105241
Convert 506 (base 8) to base 7.
644
-1100010 (base 3) to base 5
-12400
11000320 (base 4) to base 9
31147
Convert -150 (base 6) to base 8.
-102
Convert 1111110101111 (base 2) to base 5.
224421
575 (base 8) to base 7
1053
Convert -1112221 (base 3) to base 5.
-14012
What is 7799 (base 12) in base 9?
20120
What is -6400 (base 8) in base 5?
-101303
-307 (base 9) to base 10
-250
d1 (base 16) to base 5
1314
Convert 10011100111110 (base 2) to base 11.
7603
10010010011100 (base 2) to base 7
36216
Convert 2528 (base 9) to base 3.
2120222
What is -1111 (base 5) in base 16?
-9c
-b1 (base 12) to base 14
-97
-20262 (base 7) to base 9
-6703
Convert -2221202 (base 3) to base 14.
-adb
1202 (base 7) to base 5
3233
-10000011000 (base 2) to base 7
-3025
Convert 104143 (base 9) to base 6.
1155233
Convert 1280 (base 10) to base 6.
5532
Convert -111131 (base 4) to base 16.
-55d
What is -c17e (base 16) in base 10?
-49534
-103 (base 13) to base 10
-172
What is -1110010 (base 2) in base 4?
-1302
What is 10100101000 (base 2) in base 11?
aa0
-1ac (base 15) to base 4
-12003
-662 (base 8) to base 5
-3214
Convert 1a02 (base 13) to base 6.
30001
-1110111121 (base 3) to base 15
-87ed
997 (base 10) to base 6
4341
What is 161327 (base 8) in base 14?
1723d
What is 11220 (base 4) in base 13?
219
Convert -44143 (base 6) to base 13.
-2a21
5145 (base 12) to base 7
34523
What is -41 (base 5) in base 3?
-210
What is 5218 (base 15) in base 4?
10033010
Convert 22211100 (base 3) to base 2.
1100100100011
What is 2284 (base 14) in base 11?
4561
What is 32412 (base 6) in base 8?
10570
Convert -1066 (base 11) to base 6.
-10255
-52d (base 15) to base 3
-1121021
Convert -7484 (base 9) to base 14.
-2011
Convert -43322 (base 5) to base 3.
-11001201
What is 769 (base 15) in base 2?
11010001010
Convert -1014034 (base 5) to base 13.
-782c
22111112 (base 3) to base 15
1c82
Convert 534 (base 14) to base 16.
402
What is 8bc7 (base 15) in base 12?
151ba
Convert -3a02 (base 14) to base 16.
-27d2
Convert 15c30 (base 14) to base 10.
54530
-134 (base 5) to base 2
-101100
Convert 1220230 (base 4) to base 3.
100012011
Convert 75234 (base 8) to base 4.
13222130
-11102 (base 4) to base 5
-2323
What is -12430 (base 5) in base 15?
-460
Convert -1032030 (base 5) to base 9.
-26328
Convert -42347 (base 8) to base 3.
-220012022
What is -140150 (base 6) in base 2?
-11001011100010
Convert -94a (base 14) to base 3.
-2111210
What is -662 (base 12) in base 11?
-783
Convert 133311 (base 5) to base 14.
1dba
What is -210000 (base 7) in base 10?
-36015
Convert 837 (base 9) to base 6.
3054
-95a7 (base 11) to base 6
-134445
Convert -8d9 (base 14) to base 12.
-1027
Convert 10000110000000 (base 2) to base 15.
281b
-30055 (base 7) to base 5
-212433
What is -321 (base 5) in base 14?
-62
Convert 1320003 (base 5) to base 4.
12122031
Convert -1021022222 (base 3) to base 16.
-61c4
-115 (base 11) to base 7
-254
Convert -4777 (base 8) to base 7.
-10314
Convert 401411 (base 6) to base 10.
31471
33000 (base 4) to base 2
1111000000
What is 4431 (base 15) in base 12?
843a
What is -34435 (base 9) in base 13?
-a5aa
What is 519 (base 12) in base 13?
450
7bf (base 16) to base 3
2201110
Convert -212022 (base 3) to base 9.
-768
Convert 105657 (base 9) to base 3.
10012201221
2a05 (base 12) to base 5
124101
87a9 (base 12) to base 13
6a6b
Convert 533150 (base 6) to base 11.
2a73a
Convert 21 (base 9) to base 3.
201
Convert 1006 (base 14) to base 2.
101010111110
Convert 2b8 (base 14) to base 9.
675
13113220 (base 4) to base 12
15574
202101 (base 3) to base 5
4200
14053 (base 6) to base 3
10000020
11011001100010 (base 2) to base 8
33142
Convert -3224 (base 8) to base 15.
-774
Convert 6651 (base 8) to base 2.
110110101001
Convert 11101100100101 (base 2) to base 3.
202202210
What is 10305 (base 12) in base 9?
32035
What is 140 (base 5) in base 7?
63
What is 32a (base 13) in base 8?
1037
-1036 (base 8) to base 4
-20132
-288 (base 10) to base 14
-168
What is 212102001 (base 3) in base 15?
50ca
Convert -32312 (base 4) to base 10.
-950
What is 17283 (base 9) in base 16?
2e7d
Convert 10469 (base 10) to base 8.
24345
Convert 1212 (base 5) to base 11.
156
-14221 (base 7) to base 14
-15b8
What is 1100200 (base 3) in base 6?
4330
What is -122112 (base 7) in base 4?
-11131101
-108 (base 12) to base 5
-1102
20d (base 16) to base 13
315
1629 (base 10) to base 2
11001011101
-2320 (base 5) to base 12
-23b
What is 133031 (base 4) in base 7?
5552
-11110111110010 (base 2) to base 14
-5aca
-102b (base 16) to base 13
-1b65
-1120312 (base 4) to base 12
-335a
Convert -12302 (base 4) to base 16.
-1b2
Convert 698 (base 11) to base 15.
3a8
-15180 (base 10) to base 15
-4770
What is 11101011110101 (base 2) in base 3?
202201000
Convert -4440 (base 5) to base 7.
-1544
4187 (base 10) to base 4
1001123
Convert -432 (base 13) to base 11.
-5a2
What is -30244 (base 6) in base 8?
-7624
What is 4ab (base 15) in base 6?
4525
What is 23a3 (base 13) in base 5?
130114
Convert -110000101 (base 2) to base 3.
-112102
1433 (base 5) to base 14
135
What is 614c (base 15) in base 16?
5043
What is 32023 (base 4) in base 3?
1020121
What is 12120 (base 3) in base 13?
b7
Convert f9 (base 16) to base 5.
1444
-1672 (base 13) to base 8
-6350
c76 (base 16) to base 6
22434
Convert 331203 (base 4) to base 3.
12101220
-5984 (base 13) to base 10
-12614
1001001110001101 (base 2) to base 10
37773
2434342 (base 5) to base 3
2100101221
What is 42005 (base 6) in base 14?
2097
Convert -670 (base 8) to base 3.
-121022
Convert -400553 (base 7) to base 13.
-24962
Convert 10797 (base 11) to base 15.
4949
What is 274 (base 14) in base 11?
40a
What is 33540 (base 6) in base 16?
1284
Convert -432 (base 6) to base 14.
-ba
Convert -112112210 (base 3) to base 12.
-6179
1583 (base 12) to base 14
cdd
Convert -16a (base 12) to base 13.
-145
Convert 353 (base 13) to base 6.
2355
What is 110110 (base 3) in base 12?
240
Convert 6831 (base 10) to base 2.
1101010101111
What is -12120 (base 6) in base 4?
-123300
What is -b491 (base 14) in base 4?
-13211313
What is -3200131 (base 4) in base 7?
-56611
What is 3420 (base 6) in base 11?
671
bbb (base 14) to base 12
1415
What is -2110021 (base 3) in base 5?
-24124
-33110 (base 5) to base 9
-3113
What is 44101 (base 5) in base 15?
d6b
What is 2007 (base 9) in base 16?
5b9
Convert 114253 (base 6) to base 2.
10011100111001
Convert 251 (base 8) to base 12.
121
What is -1221202110 (base 3) in base 9?
-57673
What is 11041 (base 6) in base 10?
1537
What is -112202 (base 3) in base 5?
-3043
Convert 12303 (base 4) to base 11.
366
Convert 104002 (base 5) to base 9.
4870
Convert 101231 (base 4) to base 6.
5125
Convert 439b (base 15) to base 2.
11011111110001
-14114 (base 6) to base 8
-4236
Convert -221122 (base 3) to base 7.
-2006
-11465 (base 8) to base 16
-1335
What is 2012211 (base 3) in base 6?
11251
What is 40013 (base 5) in base 15?
b23
What is 52c (base 14) in base 12?
710
What is 202332 (base 4) in base 13?
1032
-3d0b (base 16) to base 14
-59a3
101001100 (base 2) to base 3
110022
Convert -20000212 (base 3) to base 6.
-32205
What is -20065 (base 10) in base 13?
-9196
6736 (base 11) to base 5
240442
Convert 9b67 (base 12) to base 2.
100001100111111
What is 676 (base 9) in base 10?
555
1652 (base 10) to base 15
752
Convert -106400 (base 7) to base 11.
-13359
What is 310 (base 16) in base 3?
1002001
19041 (base 14) to base 6
1204241
What is 2b (base 15) in base 9?
45
Convert 7b4b (base 13) to base 8.
41625
100221 (base 4) to base 5
13230
Convert -46d (base 14) to base 12.
-615
Convert 1000110010 (base 2) to base 10.
562
What is -13425 (base 6) in base 10?
-2105
-182c9 (base 14) to base 13
-21976
148 (base 14) to base 4
10010
What is 11466 (base 10) in base 11?
8684
-1192 (base 11) to base 15
-6d8
bb (base 16) to base 9
227
-10520 (base 7) to base 12
-1658
What is 222200 (base 3) in base 8?
1320
Convert -211 (base 9) to base 2.
-10101100
What is -10662 (base 8) in base 15?
-1520
What is 2303 (base 5) in base 11?
279
509 (base 11) to base 2
1001100110
Convert 2c9 (base 16) to base 7.
2036
Convert -2010 (base 5) to base 15.
-120
1869 (base 13) to base 5
104021
What is -51